it of x(-2)?
3
Suppose -5160 = -36*d + 31*d. Suppose 4*u - d = 4*z, -724 - 328 = -4*u - z. What is the units digit of u?
2
Let u = 6102 - -35975. What is the units digit of u?
7
Let j = 10765 - -4174. What is the ten thousands digit of j?
1
Suppose 43*m - 237860 = 255780. What is the tens digit of m?
8
Let y(d) be the third derivative of 7*d**5/15 - 3*d**4/8 + 5*d**3/6 - d**2 + 5*d. What is the units digit of y(2)?
9
What is the units digit of ((288/(-240))/(4/10) - 5) + 34108?
0
Suppose 6*r = 9 + 9. Suppose -q - 1 = 0, -3*g - 2*g + r*q + 493 = 0. Suppose g + 161 = 7*j. What is the units digit of j?
7
Let z = 6 - 3. Let k(l) = 351*l**2 - 352*l**2 + 1 + 20*l**3 - 18*l**3 + 4*l - 5. What is the units digit of k(z)?
3
Let k = 99 - 94. Suppose 0 = -3*p - 4*r + 1294, k*p - r = 66 + 2106. What is the hundreds digit of p?
4
Let n be (1 + 3)/(10 - 9). Let k be 6/n*(-15 - 77). What is the units digit of 1 - (-7)/((-21)/k)?
7
Let o(y) = 58*y**2 + 520*y - 6. What is the units digit of o(-14)?
2
What is the hundreds digit of (-1081850)/(-245) + 6/21?
4
Suppose 365540 = -40*m + 1523900. What is the tens digit of m?
5
Let c(y) = 8*y**2 - 7*y + 14. Let z be c(8). Suppose -z + 101 = -v. What is the tens digit of v?
6
Let u be (-66)/(-42) + 15/35. Suppose -5*h + u*i = -1665, 3*h + 5*i - 999 = 2*i. What is the hundreds digit of h?
3
Let t(d) = -7*d**3 + 3*d**2 + d + 20. Let q be t(-5). Let o = q + -462. What is the units digit of o?
3
Let n(y) be the first derivative of 5*y**2/2 + 4*y + 15. Let i be n(1). Suppose -3*a + 82 = u, 4*u - i + 71 = 3*a. What is the units digit of a?
6
Suppose 0 = 5*o - 2*w - 24564, 107*w + 14736 = 3*o + 105*w. What is the tens digit of o?
1
Let f = 496 - 496. Suppose 6*l - 9769 + 3415 = f. What is the units digit of l?
9
Let l = -9627 - -16716. What is the hundreds digit of l?
0
Suppose -4*n - 46*u + 49648 = -50*u, 0 = -2*n + 5*u + 24815. What is the ten thousands digit of n?
1
Let y(j) = 185*j**2 - 27*j - 454. What is the ten thousands digit of y(-9)?
1
Suppose -8*u + 7834 = -166. Suppose -13*n + u = -716. What is the units digit of n?
2
Suppose -3*t + 6 = 3*a - 4*t, t - 2 = -a. What is the units digit of a/(-4) + (-8481)/(-22)?
5
Let u(l) be the third derivative of l**5/60 + l**4/3 + 4*l**3 + 24*l**2 - 2*l. What is the tens digit of u(24)?
9
Let d be (-18)/(-10) - 564/705. Let x(v) = 0 - 2 - 2 + 81*v. What is the tens digit of x(d)?
7
Let r = -2194 - -3549. Suppose 0*m + r = 5*m + 5*g, -3*g = 4*m - 1083. What is the tens digit of m?
7
Let d(u) = -u**2 - 138*u + 2447. What is the units digit of d(-93)?
2
Let r be ((-28)/6)/((-54)/2025). Let h = r + 1202. What is the units digit of h?
7
Suppose -4*u = -65*w + 68*w - 8133, 4*u + 8133 = 3*w. What is the hundreds digit of w?
7
Let z be (-20)/(-9) - (-8)/(-36). Let p(s) = -164*s**2 - 15. Let i(g) = -55*g**2 - 6. Let f(q) = 8*i(q) - 3*p(q). What is the units digit of f(z)?
5
Let o be 0 - (-1 - (-2 + 1)*-1). Suppose 0 = 5*l + o*r - 64, -r - 62 = -5*l - 2*r. Suppose l*k - 7*k = 175. What is the units digit of k?
5
Suppose 2*g = -3*g + 3*b + 15084, 2*g - 2*b = 6036. Suppose f = -4*f + g. Suppose -2*u + 4*h + 161 = -73, 5*u = h + f. What is the units digit of u?
1
Let t = -56 - -46. What is the tens digit of t/6*(-540)/6?
5
What is the hundreds digit of -98 + 40082 + (-45)/(-5)?
9
Let s = 82 - 83. Let j(d) = -535*d**3 + d**2 + d. What is the tens digit of j(s)?
3
Suppose -5*s - x = -59 - 21, -s + 2 = 3*x. Suppose 0 = s*v - 1395 - 8703. What is the hundreds digit of v?
5
Suppose -5*t + 4*d - 548 = 0, t - 9*d + 6*d + 103 = 0. What is the tens digit of (-75)/20*t/3?
4
Suppose 11974 = 31*f - 170322 - 15670. What is the tens digit of f?
8
What is the thousands digit of 1/1*21309 - 7*(-26)/91?
1
Suppose 6*g + 63 = 13*g. Suppose 21*y = -g*y + 7860. What is the hundreds digit of y?
2
Let c = -17 - -17. Suppose -5*k - q - 222 = c, 2*q - 121 + 37 = 2*k. Let z = k + 58. What is the units digit of z?
4
Let h(z) = -4*z**2 + 16*z + 1. Let t be h(4). Suppose 3*a - 4*p - t = 769, 2*a = 2*p + 514. What is the units digit of a?
8
Let b be (0/(-4) - 2 - 2) + 3. Let f be b/(-14)*4 + 12000/(-105). Let y = -50 - f. What is the tens digit of y?
6
Let u(t) = 16*t**2 + 673*t - 16. What is the hundreds digit of u(16)?
8
Let l(g) = 2*g**3 - 15*g**2 + 21*g + 21. Let p be l(9). Suppose o + p = 1269. What is the hundreds digit of o?
8
Suppose 85562 = 10*i - 29196 + 14728. What is the tens digit of i?
0
Let z = -109 + 115. What is the hundreds digit of 1/(z/2208) + -6?
3
Suppose 0 = -183*p - 1017412 + 1946796 + 1531051. What is the ten thousands digit of p?
1
Suppose -2*b + b - 2*q - 15 = 0, 0 = 2*b + q + 15. Let v(c) = -2*c**3 + 4*c + 1. Let s be v(b). Let a = -145 + s. What is the units digit of a?
6
Let g(t) = 129*t**2 - 1. Let k be g(-2). Let c = 907 - k. What is the units digit of c?
2
Suppose 9067 = 17*v - 85810. What is the thousands digit of v?
5
Let s = 53378 + -19851. What is the ten thousands digit of s?
3
Suppose 0*n - n + 8403 = -p, p = 1. Suppose 18*g + n = 29*g. What is the hundreds digit of g?
7
Suppose 0 = -6*x + 11*x + 3*v - 4803, 2*x - 1924 = -4*v. What is the tens digit of x?
6
Suppose 0 = -4*g + g + 4314. Suppose -5*w = -147 - g. Suppose -23 + w = 3*j. What is the units digit of j?
8
Let a(k) = -996*k - 11011. What is the units digit of a(-90)?
9
Let i(x) = -143*x**2 + 12*x + 3. Let l be i(-4). What is the units digit of (6/(-9))/(3 - l/(-777))?
9
Suppose -15 = 4*v + 145. Let d be 34/(-8) - -2*(-5)/v. Let i(y) = y**3 + 6*y**2 + y - 1. What is the tens digit of i(d)?
2
Suppose -4*s + 185712 = -33*i + 37*i, 0 = 10*i - 5*s - 464190. What is the tens digit of i?
2
Suppose 0 = 2*v + 5*v - 35. Let g(u) = 50*u**2 + 15*u - 61. What is the tens digit of g(v)?
6
Let p = -38614 - -52211. What is the ten thousands digit of p?
1
Let m be (14/6)/(-7)*3084/(-2). Let d be m*(-3)/(-6) - -2. Let y = d - 91. What is the tens digit of y?
6
Suppose 13*a - 198831 - 496769 - 392396 = 0. What is the hundreds digit of a?
6
Suppose 0 = -20*t - 31*t + 53550. What is the units digit of t?
0
Suppose 4976 = -2*o + 20900. What is the thousands digit of o?
7
Suppose 24 = 4*p - 3*k, 8 = -4*p - k - 4*k. Let s = -132 + 312. Suppose 0 = -0*x + 4*x, -x = -p*t + s. What is the tens digit of t?
6
Suppose b = -3*w + 86155, -15160 - 99716 = -4*w - 2*b. What is the thousands digit of w?
8
Let r be (0 + -21)*2/2. Let p(j) = -21. Let f(n) = 2*n + 44. Let l(y) = -2*f(y) - 5*p(y). What is the hundreds digit of l(r)?
1
Suppose 10*a - 8*a = 2, -3*a = 5*t - 26173. What is the thousands digit of t?
5
Let g = 58 + -49. Let a(q) = -16 + g*q - 10 + 2. What is the tens digit of a(6)?
3
Suppose -4*f + i + 27764 = 0, 4*f - f - 3*i - 20832 = 0. Suppose -7*n = -f - 1432. What is the tens digit of n?
9
Let r = 28102 - 13240. What is the tens digit of r?
6
What is the ten thousands digit of (17 - 12) + -8 - (-41793)/3?
1
Suppose a = -4*o + 227 + 1930, o + 6419 = 3*a. Suppose v = 5*i - 2700, -4*i + 0*i - 3*v + a = 0. What is the tens digit of i?
3
Let l = 15326 + -10573. What is the units digit of l?
3
Let y = 212 + -212. What is the hundreds digit of (0 - 0)/4 - (y - 112)?
1
Suppose -2*k = -13 + 3. Suppose -x = -7 + k. Suppose 0 = 2*f - x*z, 2*f - 1 = -0*f + z. What is the units digit of f?
1
Let x(r) = 14*r**2 + 8 + r**2 + 4*r**2. What is the tens digit of x(6)?
9
Let f = -157 - -262. Suppose -f*a = -107*a - 240. What is the hundreds digit of a*((-2)/(-3))/(2/(-4))?
1
Let l(a) = -10*a + 12*a - 35*a - 25*a**2 - 6 + 78*a**2. What is the tens digit of l(5)?
5
Suppose 199 = t + 3*u, -3*t + 627 = 2*u + u. Let j = t - 124. Suppose -3*w + 0*w + j = 0. What is the tens digit of w?
3
Let r be 21*16/28*18. Let f = 547 + r. What is the hundreds digit of f?
7
What is the hundreds digit of 0 + 8040 + -12 + (-23 - -33)?
0
Suppose -p - 4*f - 91 = 0, 0 = 2*p - p - 3*f + 112. Suppose -9*v - 772 = -13*v. Let t = v + p. What is the units digit of t?
0
What is the thousands digit of 12 - ((-3)/(-4) + (-7201019)/116)?
2
What is the thousands digit of 2/(-3) + (2 + -2 - 40182/(-9))?
4
Suppose 72*s - 62*s - 10 = 0. Let q(o) = 343*o**2 - 3*o + 3. What is the units digit of q(s)?
3
What is the units digit of (15862/33)/(2 + 80/(-42))?
7
Let p = -392 - -117. Let n = p + 801. What 